{"id":7537,"date":"2015-06-03T19:34:40","date_gmt":"2015-06-03T22:34:40","guid":{"rendered":"http:\/\/s11396.p20.sites.pressdns.com\/?page_id=6570"},"modified":"2022-11-07T14:43:50","modified_gmt":"2022-11-07T17:43:50","slug":"qualidade-e-seguranca-v2","status":"publish","type":"page","link":"https:\/\/cross.animaker.com.br\/?page_id=7537","title":{"rendered":"Qualidade e Seguran\u00e7a"},"content":{"rendered":"<div class=\"container section-title-container\" ><h3 class=\"section-title section-title-normal\"><b aria-hidden=\"true\"><\/b><span class=\"section-title-main\" >Qualidade e Seguran\u00e7a<\/span><b aria-hidden=\"true\"><\/b><\/h3><\/div>\n<div class=\"row row-small\"  id=\"row-1521072964\">\n\n\t<div id=\"col-1026729407\" class=\"col medium-6 small-12 large-6\"  >\n\t\t\t\t<div class=\"col-inner\"  >\n\t\t\t\n\t\t\t\n<div class=\"message-box relative\" style=\"padding-top:15px;padding-bottom:15px;\"><div class=\"message-box-bg-image bg-fill fill\" ><\/div><div class=\"message-box-bg-overlay bg-fill fill\" style=\"background-color:rgb(244, 252, 255);\"><\/div><div class=\"container relative\"><div class=\"inner last-reset\">\n<div class=\"row align-middle align-center\"  id=\"row-999621988\">\n\n\t<div id=\"col-1216247298\" class=\"col small-12 large-12\"  >\n\t\t\t\t<div class=\"col-inner\"  >\n\t\t\t\n\t\t\t\n<p style=\"text-align: justify;\"><span style=\"font-weight: 400;\">A seguran\u00e7a reflete a qualidade quando garante aos colaboradores os meios adequados para exercerem suas atividades, oferecendo instala\u00e7\u00f5es apropriadas, protocolos t\u00e9cnico-operacionais, normas claras e objetivas, equipes qualificadas, gestores presentes e habilitados para assumirem os riscos da opera\u00e7\u00e3o.<\/span><\/p>\n<p style=\"text-align: justify;\"><span style=\"font-weight: 400;\">Alinhado a essa l\u00f3gica, a CROSS, desde a sua cria\u00e7\u00e3o,\u00a0 prima pela seguran\u00e7a como princ\u00edpio b\u00e1sico de qualidade em todas as suas vertentes: seguran\u00e7a dos pacientes, dos profissionais que solicitam os recursos e de seus colaboradores.<\/span><\/p>\n<p style=\"text-align: justify;\"><span style=\"font-weight: 400;\">Do ponto de vista dos usu\u00e1rios, a qualidade se reflete na presta\u00e7\u00e3o dos servi\u00e7os, na disponibiliza\u00e7\u00e3o de um sistema de tecnologia da informa\u00e7\u00e3o que permite assegurar informa\u00e7\u00f5es atualizadas e sem distor\u00e7\u00f5es, de forma transparente e com suporte ininterrupto.\u00a0<\/span><\/p>\n<p style=\"text-align: justify;\"><span style=\"font-weight: 400;\">Quanto aos pacientes, a qualidade se reflete no atendimento \u00e0s demandas com recursos compat\u00edveis com a necessidade e no tempo oportuno.\u00a0<\/span><\/p>\n<p style=\"text-align: justify;\"><span style=\"font-weight: 400;\">A seguran\u00e7a das a\u00e7\u00f5es de regula\u00e7\u00e3o \u00e9 prioridade na CROSS, sendo realizado o mapeamento de riscos, a revis\u00e3o constante dos processos e a aplica\u00e7\u00e3o de treinamentos. Ainda, a seguran\u00e7a da informa\u00e7\u00e3o tamb\u00e9m \u00e9 um requisito estrutural \u00e0 CROSS e baseia-se na Lei Geral da Prote\u00e7\u00e3o de Dados Pessoais.<\/span><\/p>\n<p style=\"text-align: justify;\"><span style=\"font-weight: 400;\">A busca pela excel\u00eancia na presta\u00e7\u00e3o de servi\u00e7os de sa\u00fade sempre esteve presente na CROSS a fim de oferecer servi\u00e7os seguros e eficientes. Para tanto, investe na qualifica\u00e7\u00e3o dos fornecedores e da equipe de colaboradores e na melhoria cont\u00ednua dos processos e atualiza\u00e7\u00e3o das funcionalidades dos sistemas.\u00a0<\/span><\/p>\n<p style=\"text-align: justify;\"><span style=\"font-weight: 400;\">Nos processos de trabalho s\u00e3o utilizados protocolos validados pela Secretaria de Estado da Sa\u00fade de S\u00e3o Paulo, em conformidade com as pol\u00edticas de sa\u00fade vigentes.<\/span><\/p>\n\t\t<\/div>\n\t\t\t\t\t<\/div>\n\n\t\n<\/div>\n<\/div><\/div><\/div>\n\t\t<\/div>\n\t\t\t\t\t<\/div>\n\n\t\n\n\t<div id=\"col-2033723463\" class=\"col medium-6 small-12 large-6\"  >\n\t\t\t\t<div class=\"col-inner\"  >\n\t\t\t\n\t\t\t\n<div class=\"accordion\">\n\t<div id=\"accordion-3390906195\" class=\"accordion-item\">\n\t\t<a id=\"accordion-3390906195-label\" class=\"accordion-title plain\" href=\"#accordion-item-semana-interna-de-preven\u00c7\u00c3o-de-acidentes-no-trabalho-e-meio-ambiente\" aria-expanded=\"false\" aria-controls=\"accordion-3390906195-content\">\n\t\t\t<button class=\"toggle\" aria-label=\"Toggle\"><i class=\"icon-angle-down\" aria-hidden=\"true\"><\/i><\/button>\n\t\t\t<span>SEMANA INTERNA DE PREVEN\u00c7\u00c3O DE ACIDENTES NO TRABALHO E MEIO AMBIENTE<\/span>\n\t\t<\/a>\n\t\t<div id=\"accordion-3390906195-content\" class=\"accordion-inner\" aria-labelledby=\"accordion-3390906195-label\">\n\t\t\t\n<p style=\"text-align: justify;\"><span style=\"font-weight: 400;\">Preocupada com o bem-estar dos colaboradores da CROSS e buscando conscientizar a todos dos impactos na sa\u00fade, decorrentes das atividades exercidas sem os devidos cuidados e a aten\u00e7\u00e3o necess\u00e1ria, a equipe de Medicina do Trabalho, juntamente \u00e0 Comiss\u00e3o Interna de Preven\u00e7\u00e3o de Acidentes \u2013 CIPA, promove anualmente a SIPATMA \u2013 Semana Interna de Preven\u00e7\u00e3o de Acidentes no Trabalho e Meio Ambiente.\u00a0<\/span><\/p>\n<p style=\"text-align: justify;\"><span style=\"font-weight: 400;\">O objetivo desta a\u00e7\u00e3o \u00e9 promover discuss\u00f5es e conscientizar os colaboradores sobre a preven\u00e7\u00e3o de acidentes no trabalho e de preserva\u00e7\u00e3o do ecossistema, al\u00e9m de ressaltar as melhores pr\u00e1ticas para beneficiar a sa\u00fade e a qualidade de vida dos profissionais.<\/span><\/p>\n\t\t<\/div>\n\t<\/div>\n\t\n<\/div>\n\t\t<\/div>\n\t\t\t\t\t<\/div>\n\n\t\n<\/div>\n","protected":false},"excerpt":{"rendered":"","protected":false},"author":1,"featured_media":0,"parent":0,"menu_order":0,"comment_status":"closed","ping_status":"closed","template":"","meta":{"footnotes":""},"class_list":["post-7537","page","type-page","status-publish","hentry"],"_links":{"self":[{"href":"https:\/\/cross.animaker.com.br\/index.php?rest_route=\/wp\/v2\/pages\/7537","targetHints":{"allow":["GET"]}}],"collection":[{"href":"https:\/\/cross.animaker.com.br\/index.php?rest_route=\/wp\/v2\/pages"}],"about":[{"href":"https:\/\/cross.animaker.com.br\/index.php?rest_route=\/wp\/v2\/types\/page"}],"author":[{"embeddable":true,"href":"https:\/\/cross.animaker.com.br\/index.php?rest_route=\/wp\/v2\/users\/1"}],"replies":[{"embeddable":true,"href":"https:\/\/cross.animaker.com.br\/index.php?rest_route=%2Fwp%2Fv2%2Fcomments&post=7537"}],"version-history":[{"count":0,"href":"https:\/\/cross.animaker.com.br\/index.php?rest_route=\/wp\/v2\/pages\/7537\/revisions"}],"wp:attachment":[{"href":"https:\/\/cross.animaker.com.br\/index.php?rest_route=%2Fwp%2Fv2%2Fmedia&parent=7537"}],"curies":[{"name":"wp","href":"https:\/\/api.w.org\/{rel}","templated":true}]}}