{"id":7541,"date":"2015-06-10T00:48:07","date_gmt":"2015-06-10T03:48:07","guid":{"rendered":"http:\/\/s11396.p20.sites.pressdns.com\/?page_id=6593"},"modified":"2023-01-20T15:46:44","modified_gmt":"2023-01-20T18:46:44","slug":"perguntas-frequentes-v2","status":"publish","type":"page","link":"https:\/\/cross.animaker.com.br\/?page_id=7541","title":{"rendered":"Perguntas Frequentes v2"},"content":{"rendered":"<div class=\"container section-title-container\" ><h3 class=\"section-title section-title-normal\"><b aria-hidden=\"true\"><\/b><span class=\"section-title-main\" >Perguntas Frequentes<\/span><b aria-hidden=\"true\"><\/b><\/h3><\/div>\n<div class=\"row row-small\"  id=\"row-1839879483\">\n\n\t<div id=\"col-252623091\" class=\"col small-12 large-12\"  >\n\t\t\t\t<div class=\"col-inner\"  >\n\t\t\t\n\t\t\t\n<div class=\"accordion\">\n\t<div id=\"accordion-3023441845\" class=\"accordion-item\">\n\t\t<a id=\"accordion-3023441845-label\" class=\"accordion-title plain\" href=\"#accordion-item-como-acessar-o-sistema-de-regula\u00e7\u00e3o?\" aria-expanded=\"false\" aria-controls=\"accordion-3023441845-content\">\n\t\t\t<button class=\"toggle\" aria-label=\"Toggle\"><i class=\"icon-angle-down\" aria-hidden=\"true\"><\/i><\/button>\n\t\t\t<span>Como acessar o sistema de Regula\u00e7\u00e3o?<\/span>\n\t\t<\/a>\n\t\t<div id=\"accordion-3023441845-content\" class=\"accordion-inner\" aria-labelledby=\"accordion-3023441845-label\">\n\t\t\t\n<p style=\"text-align: justify;\"><span style=\"font-size: 75%;\"><button id=\"bb1\" type=\"button\" value=\"Play\" class=\"responsivevoice-button\" title=\"ResponsiveVoice Tap to Start\/Stop Speech\"><span>&#128266; Ouvir<\/span><\/button>\n        <script>\n            bb1.onclick = function(){\n                if(responsiveVoice.isPlaying()){\n                    responsiveVoice.cancel();\n                }else{\n                    responsiveVoice.speak(\"R: O Sistema Informatizado de Regula\u00e7\u00e3o do Estado de S\u00e3o Paulo \u2013 SIRESP pode ser acessado exclusivamente por unidades de sa\u00fade, n\u00e3o estando aberto \u00e0 popula\u00e7\u00e3o, uma vez que a sua finalidade \u00e9 realizar a transfer\u00eancia de pacientes em situa\u00e7\u00e3o de urg\u00eancia e emerg\u00eancia ou agendamentos de consultas, exames e procedimentos dentro do Sistema \u00danico de Sa\u00fade. Tanto as unidades solicitantes, isto \u00e9, que demandam por servi\u00e7os, quanto as executantes, que realizam os atendimentos, possuem acesso a este sistema, o SIRESP: Sistema Informatizado de Regula\u00e7\u00e3o do Estado de S\u00e3o Paulo.\", \"Brazilian Portuguese Female\");\n                }\n            };\n        <\/script>\n    <\/span><\/p>\n<p style=\"text-align: justify;\"><span style=\"font-weight: 400;\">R: O Sistema Informatizado de Regula\u00e7\u00e3o do Estado de S\u00e3o Paulo \u2013 SIRESP pode ser acessado exclusivamente por unidades de sa\u00fade, n\u00e3o estando aberto \u00e0 popula\u00e7\u00e3o, uma vez que a sua finalidade \u00e9 realizar a transfer\u00eancia de pacientes em situa\u00e7\u00e3o de urg\u00eancia e emerg\u00eancia ou agendamentos de consultas, exames e procedimentos dentro do Sistema \u00danico de Sa\u00fade. Tanto as unidades solicitantes, isto \u00e9, que demandam por servi\u00e7os, quanto as executantes, que realizam os atendimentos, possuem acesso a este sistema, o SIRESP: Sistema Informatizado de Regula\u00e7\u00e3o do Estado de S\u00e3o Paulo.<\/span><\/p>\n<p style=\"text-align: justify;\"><span style=\"font-size: 14.4px;\"><\/span><\/p>\n\t\t<\/div>\n\t<\/div>\n\t\n\t<div id=\"accordion-2497872136\" class=\"accordion-item\">\n\t\t<a id=\"accordion-2497872136-label\" class=\"accordion-title plain\" href=\"#accordion-item-como-posso-me-cadastrar-na-cross?\" aria-expanded=\"false\" aria-controls=\"accordion-2497872136-content\">\n\t\t\t<button class=\"toggle\" aria-label=\"Toggle\"><i class=\"icon-angle-down\" aria-hidden=\"true\"><\/i><\/button>\n\t\t\t<span>Como posso me cadastrar na CROSS?<\/span>\n\t\t<\/a>\n\t\t<div id=\"accordion-2497872136-content\" class=\"accordion-inner\" aria-labelledby=\"accordion-2497872136-label\">\n\t\t\t\n<p style=\"text-align: justify;\"><span style=\"font-size: 75%;\"><a><button id=\"bb2\" type=\"button\" value=\"Play\" class=\"responsivevoice-button\" title=\"ResponsiveVoice Tap to Start\/Stop Speech\"><span>&#128266; Ouvir<\/span><\/button>\n        <script>\n            bb2.onclick = function(){\n                if(responsiveVoice.isPlaying()){\n                    responsiveVoice.cancel();\n                }else{\n                    responsiveVoice.speak(\"R: \u00a0O cadastro de pacientes \u00e9 realizado diretamente pelas unidades de sa\u00fade vinculadas ao SUS no Sistema Informatizado de Regula\u00e7\u00e3o do Estado de S\u00e3o Paulo \u2013 SIRESP, disponibilizado pela CROSS por meio da Secretaria de Estado da Sa\u00fade.\", \"Brazilian Portuguese Female\");\n                }\n            };\n        <\/script>\n    <\/a><\/span><\/p>\n<p style=\"text-align: justify;\">R: \u00a0O cadastro de pacientes \u00e9 realizado diretamente pelas unidades de sa\u00fade vinculadas ao SUS no Sistema Informatizado de Regula\u00e7\u00e3o do Estado de S\u00e3o Paulo \u2013 SIRESP, disponibilizado pela CROSS por meio da Secretaria de Estado da Sa\u00fade.<\/p>\n<p style=\"text-align: justify;\"><span style=\"font-size: 14.4px;\"><\/span><\/p>\n\t\t<\/div>\n\t<\/div>\n\t\n\t<div id=\"accordion-3548469096\" class=\"accordion-item\">\n\t\t<a id=\"accordion-3548469096-label\" class=\"accordion-title plain\" href=\"#accordion-item-quantas-vagas-e-leitos-a-cross-de-fato-possui?\" aria-expanded=\"false\" aria-controls=\"accordion-3548469096-content\">\n\t\t\t<button class=\"toggle\" aria-label=\"Toggle\"><i class=\"icon-angle-down\" aria-hidden=\"true\"><\/i><\/button>\n\t\t\t<span>Quantas vagas e leitos a CROSS de fato possui?<\/span>\n\t\t<\/a>\n\t\t<div id=\"accordion-3548469096-content\" class=\"accordion-inner\" aria-labelledby=\"accordion-3548469096-label\">\n\t\t\t\n<p style=\"text-align: justify;\"><span style=\"font-size: 75%;\"><a><button id=\"bb3\" type=\"button\" value=\"Play\" class=\"responsivevoice-button\" title=\"ResponsiveVoice Tap to Start\/Stop Speech\"><span>&#128266; Ouvir<\/span><\/button>\n        <script>\n            bb3.onclick = function(){\n                if(responsiveVoice.isPlaying()){\n                    responsiveVoice.cancel();\n                }else{\n                    responsiveVoice.speak(\"R: A CROSS \u00e9 uma Central de Regula\u00e7\u00e3o, n\u00e3o possui vagas ou leitos. A CROSS realiza a intermedia\u00e7\u00e3o\u00a0das solicita\u00e7\u00f5es m\u00e9dicas de institui\u00e7\u00f5es de sa\u00fade de menor complexidade para institui\u00e7\u00f5es de sa\u00fade de maior complexidade (ou com a complexidade adequada) para atender \u00e0s necessidades imediatas dos pacientes em situa\u00e7\u00f5es de urg\u00eancias e emerg\u00eancias m\u00e9dicas. Portanto, a transfer\u00eancia de um paciente e\/ou realiza\u00e7\u00e3o de uma consulta\/exame dependem da disponibilidade do recurso nas unidades de refer\u00eancia. A CROSS busca o recurso via sistema, por\u00e9m a disponibiliza\u00e7\u00e3o da vaga N\u00c3O \u00c9 de compet\u00eancia da CROSS e sim de cada unidade executante.\", \"Brazilian Portuguese Female\");\n                }\n            };\n        <\/script>\n    <\/a><\/span><\/p>\n<p style=\"text-align: justify;\">R: A CROSS \u00e9 uma Central de Regula\u00e7\u00e3o, n\u00e3o possui vagas ou leitos. A CROSS realiza a intermedia\u00e7\u00e3o\u00a0das solicita\u00e7\u00f5es m\u00e9dicas de institui\u00e7\u00f5es de sa\u00fade de menor complexidade para institui\u00e7\u00f5es de sa\u00fade de maior complexidade (ou com a complexidade adequada) para atender \u00e0s necessidades imediatas dos pacientes em situa\u00e7\u00f5es de urg\u00eancias e emerg\u00eancias m\u00e9dicas. Portanto, a transfer\u00eancia de um paciente e\/ou realiza\u00e7\u00e3o de uma consulta\/exame dependem da disponibilidade do recurso nas unidades de refer\u00eancia. A CROSS busca o recurso via sistema, por\u00e9m a disponibiliza\u00e7\u00e3o da vaga N\u00c3O \u00c9 de compet\u00eancia da CROSS e sim de cada unidade executante.<\/p>\n<p style=\"text-align: justify;\"><span style=\"font-size: 14.4px;\"><\/span><\/p>\n\t\t<\/div>\n\t<\/div>\n\t\n\t<div id=\"accordion-449593794\" class=\"accordion-item\">\n\t\t<a id=\"accordion-449593794-label\" class=\"accordion-title plain\" href=\"#accordion-item-como-saber-se-estou-na-fila-da-cross?\" aria-expanded=\"false\" aria-controls=\"accordion-449593794-content\">\n\t\t\t<button class=\"toggle\" aria-label=\"Toggle\"><i class=\"icon-angle-down\" aria-hidden=\"true\"><\/i><\/button>\n\t\t\t<span>Como saber se estou na fila da CROSS?<\/span>\n\t\t<\/a>\n\t\t<div id=\"accordion-449593794-content\" class=\"accordion-inner\" aria-labelledby=\"accordion-449593794-label\">\n\t\t\t\n<p style=\"text-align: justify;\"><span style=\"font-size: 75%;\"><a><button id=\"bb4\" type=\"button\" value=\"Play\" class=\"responsivevoice-button\" title=\"ResponsiveVoice Tap to Start\/Stop Speech\"><span>&#128266; Ouvir<\/span><\/button>\n        <script>\n            bb4.onclick = function(){\n                if(responsiveVoice.isPlaying()){\n                    responsiveVoice.cancel();\n                }else{\n                    responsiveVoice.speak(\"R: A CROSS n\u00e3o possui uma fila de espera. a CROSS, disponibiliza o Sistema\u00a0Informatizado de Regula\u00e7\u00e3o do Estado de S\u00e3o Paulo \u2013 SIRESP para as unidades de sa\u00fade realizarem a gest\u00e3o de suas filas de espera, sendo de responsabilidade de cada uma delas realizar o agendamento de consultas, exames e\/ou procedimentos nas unidades que disponibilizam o recurso.\", \"Brazilian Portuguese Female\");\n                }\n            };\n        <\/script>\n    <\/a><\/span><\/p>\n<p style=\"text-align: justify;\">R: A CROSS n\u00e3o possui uma fila de espera. a CROSS, disponibiliza o Sistema\u00a0Informatizado de Regula\u00e7\u00e3o do Estado de S\u00e3o Paulo \u2013 SIRESP para as unidades de sa\u00fade realizarem a gest\u00e3o de suas filas de espera, sendo de responsabilidade de cada uma delas realizar o agendamento de consultas, exames e\/ou procedimentos nas unidades que disponibilizam o recurso.<\/p>\n<p style=\"text-align: justify;\"><span style=\"font-size: 14.4px;\"><\/span><\/p>\n\t\t<\/div>\n\t<\/div>\n\t\n<\/div>\n\t\t<\/div>\n\t\t\t\t\t<\/div>\n\n\t\n<\/div>\n","protected":false},"excerpt":{"rendered":"","protected":false},"author":1,"featured_media":0,"parent":0,"menu_order":0,"comment_status":"closed","ping_status":"closed","template":"","meta":{"footnotes":""},"class_list":["post-7541","page","type-page","status-publish","hentry"],"_links":{"self":[{"href":"https:\/\/cross.animaker.com.br\/index.php?rest_route=\/wp\/v2\/pages\/7541","targetHints":{"allow":["GET"]}}],"collection":[{"href":"https:\/\/cross.animaker.com.br\/index.php?rest_route=\/wp\/v2\/pages"}],"about":[{"href":"https:\/\/cross.animaker.com.br\/index.php?rest_route=\/wp\/v2\/types\/page"}],"author":[{"embeddable":true,"href":"https:\/\/cross.animaker.com.br\/index.php?rest_route=\/wp\/v2\/users\/1"}],"replies":[{"embeddable":true,"href":"https:\/\/cross.animaker.com.br\/index.php?rest_route=%2Fwp%2Fv2%2Fcomments&post=7541"}],"version-history":[{"count":0,"href":"https:\/\/cross.animaker.com.br\/index.php?rest_route=\/wp\/v2\/pages\/7541\/revisions"}],"wp:attachment":[{"href":"https:\/\/cross.animaker.com.br\/index.php?rest_route=%2Fwp%2Fv2%2Fmedia&parent=7541"}],"curies":[{"name":"wp","href":"https:\/\/api.w.org\/{rel}","templated":true}]}}