{"id":8249,"date":"2022-11-07T14:42:30","date_gmt":"2022-11-07T17:42:30","guid":{"rendered":"https:\/\/cross.animaker.com.br\/?page_id=8249"},"modified":"2022-11-07T14:42:30","modified_gmt":"2022-11-07T17:42:30","slug":"institucional","status":"publish","type":"page","link":"https:\/\/cross.animaker.com.br\/?page_id=8249","title":{"rendered":"Institucional"},"content":{"rendered":"<div class=\"container section-title-container\" ><h3 class=\"section-title section-title-normal\"><b aria-hidden=\"true\"><\/b><span class=\"section-title-main\" >Institucional<\/span><b aria-hidden=\"true\"><\/b><\/h3><\/div>\n<p style=\"text-align: justify;\"><span style=\"font-weight: 400;\"><button id=\"bb1\" type=\"button\" value=\"Play\" class=\"responsivevoice-button\" title=\"ResponsiveVoice Tap to Start\/Stop Speech\"><span>&#128266; Ouvir<\/span><\/button>\n        <script>\n            bb1.onclick = function(){\n                if(responsiveVoice.isPlaying()){\n                    responsiveVoice.cancel();\n                }else{\n                    responsiveVoice.speak(\"A SPDM \u2013 Associa\u00e7\u00e3o Paulista para o Desenvolvimento da Medicina \u00e9 uma associa\u00e7\u00e3o civil sem fins lucrativos, de natureza filantr\u00f3pica, reconhecida de utilidade p\u00fablica federal, estadual e no munic\u00edpio de sua sede, respectivamente pelos decretos n\u00ba. 57.925, de 04\/03\/1966, 40.103 de 17\/05\/1962 e 8.911, de 30\/07\/1970. A\u00a0SPDM\u00a0\u00e9 uma das maiores entidades filantr\u00f3picas de sa\u00fade no Brasil, formada por uma diversidade de profissionais altamente qualificados, que contribuem em in\u00fameros setores para a excel\u00eancia na qualidade do atendimento, visando a seguran\u00e7a do paciente. A SPDM gerencia unidades hospitalares e ambulatoriais com o objetivo de levar o que h\u00e1 de mais avan\u00e7ado em conhecimento m\u00e9dico para toda a popula\u00e7\u00e3o. Al\u00e9m disso, mant\u00e9m parceria com a Secretaria Municipal de Educa\u00e7\u00e3o de S\u00e3o Paulo, em prol da expans\u00e3o e da qualidade dos servi\u00e7os de educa\u00e7\u00e3o inclusiva de pessoas com defici\u00eancia.\u00a0 A diretriz primordial da SPDM \u00e9 sua inser\u00e7\u00e3o no sistema de sa\u00fade direcionada ao tratamento, preven\u00e7\u00e3o de doen\u00e7as e \u00e0 promo\u00e7\u00e3o da sa\u00fade prim\u00e1ria, secund\u00e1ria e terci\u00e1ria, estreitando la\u00e7os com a comunidade local e reafirmando seu compromisso social de atender a todos, sem discrimina\u00e7\u00e3o. Decorrente da realiza\u00e7\u00e3o de Convoca\u00e7\u00e3o P\u00fablica pela Secretaria de Estado da Sa\u00fade de S\u00e3o Paulo, a que alude o par\u00e1grafo 3\u00ba do Artigo 6\u00ba da Lei Complementar 846, de 04-06-1998, em 24 de mar\u00e7o de 2021 foi publicado no D.O.E. \u2013 Poder Executivo \u2013 Se\u00e7\u00e3o I \u2013 p\u00e1g. 22 que a Associa\u00e7\u00e3o Paulista para o Desenvolvimento da Medicina - SPDM foi a OSS vencedora para realizar a gest\u00e3o dos recursos humanos e t\u00e9cnicos para a operacionaliza\u00e7\u00e3o da CROSS a partir de 01\/04\/2021, por meio de Contrato de Gest\u00e3o n\u00b0 988043\/2020 firmado com a Secretaria de Estado da Sa\u00fade de S\u00e3o Paulo \u2013 SESSP.\", \"Brazilian Portuguese Female\");\n                }\n            };\n        <\/script>\n    <\/span><span style=\"font-weight: 400;\">A SPDM \u2013 Associa\u00e7\u00e3o Paulista para o Desenvolvimento da Medicina \u00e9 uma associa\u00e7\u00e3o civil sem fins lucrativos, de natureza filantr\u00f3pica, reconhecida de utilidade p\u00fablica federal, estadual e no munic\u00edpio de sua sede, respectivamente pelos decretos n\u00ba. 57.925, de 04\/03\/1966, 40.103 de 17\/05\/1962 e 8.911, de 30\/07\/1970.<\/span><\/p>\n<p style=\"text-align: justify;\"><span style=\"font-weight: 400;\">A\u00a0SPDM\u00a0\u00e9 uma das maiores entidades filantr\u00f3picas de sa\u00fade no Brasil, formada por uma diversidade de profissionais altamente qualificados, que contribuem em in\u00fameros setores para a excel\u00eancia na qualidade do atendimento, visando a seguran\u00e7a do paciente. A SPDM gerencia unidades hospitalares e ambulatoriais com o objetivo de levar o que h\u00e1 de mais avan\u00e7ado em conhecimento m\u00e9dico para toda a popula\u00e7\u00e3o. Al\u00e9m disso, mant\u00e9m parceria com a Secretaria Municipal de Educa\u00e7\u00e3o de S\u00e3o Paulo, em prol da expans\u00e3o e da qualidade dos servi\u00e7os de educa\u00e7\u00e3o inclusiva de pessoas com defici\u00eancia.\u00a0<\/span><\/p>\n<p style=\"text-align: justify;\"><span style=\"font-weight: 400;\">A diretriz primordial da SPDM \u00e9 sua inser\u00e7\u00e3o no sistema de sa\u00fade direcionada ao tratamento, preven\u00e7\u00e3o de doen\u00e7as e \u00e0 promo\u00e7\u00e3o da sa\u00fade prim\u00e1ria, secund\u00e1ria e terci\u00e1ria, estreitando la\u00e7os com a comunidade local e reafirmando seu compromisso social de atender a todos, sem discrimina\u00e7\u00e3o.<\/span><\/p>\n<p style=\"text-align: justify;\"><span style=\"font-weight: 400;\">Decorrente da realiza\u00e7\u00e3o de Convoca\u00e7\u00e3o P\u00fablica pela Secretaria de Estado da Sa\u00fade de S\u00e3o Paulo, a que alude o par\u00e1grafo 3\u00ba do Artigo 6\u00ba da Lei Complementar 846, de 04-06-1998, em 24 de mar\u00e7o de 2021 foi publicado no D.O.E. \u2013 Poder Executivo \u2013 Se\u00e7\u00e3o I \u2013 p\u00e1g. 22 que a Associa\u00e7\u00e3o Paulista para o Desenvolvimento da Medicina &#8211; SPDM foi a OSS vencedora para realizar a gest\u00e3o dos recursos humanos e t\u00e9cnicos para a operacionaliza\u00e7\u00e3o da CROSS a partir de 01\/04\/2021, por meio de Contrato de Gest\u00e3o n\u00b0 988043\/2020 firmado com a Secretaria de Estado da Sa\u00fade de S\u00e3o Paulo \u2013 SESSP.<\/span><span style=\"font-weight: 400;\"><\/span><\/p>\n<div class=\"accordion\">\n\t<div id=\"accordion-2871187769\" class=\"accordion-item\">\n\t\t<a id=\"accordion-2871187769-label\" class=\"accordion-title plain\" href=\"#accordion-item-compet\u00cancia-organizacional\" aria-expanded=\"false\" aria-controls=\"accordion-2871187769-content\">\n\t\t\t<button class=\"toggle\" aria-label=\"Toggle\"><i class=\"icon-angle-down\" aria-hidden=\"true\"><\/i><\/button>\n\t\t\t<span>COMPET\u00caNCIA ORGANIZACIONAL<\/span>\n\t\t<\/a>\n\t\t<div id=\"accordion-2871187769-content\" class=\"accordion-inner\" aria-labelledby=\"accordion-2871187769-label\">\n\t\t\t\n<ul>\n<li style=\"font-weight: 400;\" aria-level=\"1\"><span style=\"font-weight: 400;\">Trabalho em equipe;<\/span><\/li>\n<li style=\"font-weight: 400;\" aria-level=\"1\"><span style=\"font-weight: 400;\">Comunica\u00e7\u00e3o;<\/span><\/li>\n<li style=\"font-weight: 400;\" aria-level=\"1\"><span style=\"font-weight: 400;\">Relacionamento interpessoal;<\/span><\/li>\n<li style=\"font-weight: 400;\" aria-level=\"1\"><span style=\"font-weight: 400;\">Foco no resultado;<\/span><\/li>\n<li style=\"font-weight: 400;\" aria-level=\"1\"><span style=\"font-weight: 400;\">Flexibilidade e adaptabilidade;<\/span><\/li>\n<li style=\"font-weight: 400;\" aria-level=\"1\"><span style=\"font-weight: 400;\">Foco no cliente;<\/span><\/li>\n<li style=\"font-weight: 400;\" aria-level=\"1\"><span style=\"font-weight: 400;\">Curiosidade e esp\u00edrito de pesquisa;<\/span><\/li>\n<li style=\"font-weight: 400;\" aria-level=\"1\"><span style=\"font-weight: 400;\">Desenvolver, aplicar e difundir conhecimento;<\/span><\/li>\n<li style=\"font-weight: 400;\" aria-level=\"1\"><span style=\"font-weight: 400;\">Lideran\u00e7a e coaching;<\/span><\/li>\n<li style=\"font-weight: 400;\" aria-level=\"1\"><span style=\"font-weight: 400;\">Vis\u00e3o sist\u00eamica;<\/span><\/li>\n<li style=\"font-weight: 400;\" aria-level=\"1\"><span style=\"font-weight: 400;\">Negocia\u00e7\u00e3o;<\/span><\/li>\n<li style=\"font-weight: 400;\" aria-level=\"1\"><span style=\"font-weight: 400;\">Criatividade e inova\u00e7\u00e3o;<\/span><\/li>\n<li style=\"font-weight: 400;\" aria-level=\"1\"><span style=\"font-weight: 400;\">Empreendedorismo;<\/span><\/li>\n<li style=\"font-weight: 400;\" aria-level=\"1\"><span style=\"font-weight: 400;\">Compliance.<\/span><\/li>\n<\/ul>\n\t\t<\/div>\n\t<\/div>\n\t\n<\/div>\n","protected":false},"excerpt":{"rendered":"","protected":false},"author":1,"featured_media":0,"parent":0,"menu_order":0,"comment_status":"closed","ping_status":"closed","template":"","meta":{"footnotes":""},"class_list":["post-8249","page","type-page","status-publish","hentry"],"_links":{"self":[{"href":"https:\/\/cross.animaker.com.br\/index.php?rest_route=\/wp\/v2\/pages\/8249","targetHints":{"allow":["GET"]}}],"collection":[{"href":"https:\/\/cross.animaker.com.br\/index.php?rest_route=\/wp\/v2\/pages"}],"about":[{"href":"https:\/\/cross.animaker.com.br\/index.php?rest_route=\/wp\/v2\/types\/page"}],"author":[{"embeddable":true,"href":"https:\/\/cross.animaker.com.br\/index.php?rest_route=\/wp\/v2\/users\/1"}],"replies":[{"embeddable":true,"href":"https:\/\/cross.animaker.com.br\/index.php?rest_route=%2Fwp%2Fv2%2Fcomments&post=8249"}],"version-history":[{"count":0,"href":"https:\/\/cross.animaker.com.br\/index.php?rest_route=\/wp\/v2\/pages\/8249\/revisions"}],"wp:attachment":[{"href":"https:\/\/cross.animaker.com.br\/index.php?rest_route=%2Fwp%2Fv2%2Fmedia&parent=8249"}],"curies":[{"name":"wp","href":"https:\/\/api.w.org\/{rel}","templated":true}]}}