{"id":8253,"date":"2022-11-07T14:50:46","date_gmt":"2022-11-07T17:50:46","guid":{"rendered":"https:\/\/cross.animaker.com.br\/?page_id=8253"},"modified":"2022-11-07T14:50:46","modified_gmt":"2022-11-07T17:50:46","slug":"fale-conosco","status":"publish","type":"page","link":"https:\/\/cross.animaker.com.br\/?page_id=8253","title":{"rendered":"Fale Conosco"},"content":{"rendered":"<div class=\"row\"  id=\"row-1606333298\">\n\n\t<div id=\"col-97615009\" class=\"col small-12 large-12\"  >\n\t\t\t\t<div class=\"col-inner\"  >\n\t\t\t\n\t\t\t\n<div class=\"container section-title-container\" ><h3 class=\"section-title section-title-normal\"><b aria-hidden=\"true\"><\/b><span class=\"section-title-main\" >Fale conosco<\/span><b aria-hidden=\"true\"><\/b><\/h3><\/div>\n<p><span style=\"font-weight: 400;\">A CROSS disponibiliza no SIRESP um canal de comunica\u00e7\u00e3o para os seus usu\u00e1rios registrarem elogios, sugest\u00f5es e\/ou reclama\u00e7\u00f5es.<\/span><\/p>\n\t<div id=\"gap-244202125\" class=\"gap-element clearfix\" style=\"display:block; height:auto;\">\n\t\t\n<style>\n#gap-244202125 {\n  padding-top: 291px;\n}\n<\/style>\n\t<\/div>\n\t\n\t\t<\/div>\n\t\t\t\t\t<\/div>\n\n\t\n<\/div>\n","protected":false},"excerpt":{"rendered":"","protected":false},"author":1,"featured_media":0,"parent":0,"menu_order":0,"comment_status":"closed","ping_status":"closed","template":"","meta":{"footnotes":""},"class_list":["post-8253","page","type-page","status-publish","hentry"],"_links":{"self":[{"href":"https:\/\/cross.animaker.com.br\/index.php?rest_route=\/wp\/v2\/pages\/8253","targetHints":{"allow":["GET"]}}],"collection":[{"href":"https:\/\/cross.animaker.com.br\/index.php?rest_route=\/wp\/v2\/pages"}],"about":[{"href":"https:\/\/cross.animaker.com.br\/index.php?rest_route=\/wp\/v2\/types\/page"}],"author":[{"embeddable":true,"href":"https:\/\/cross.animaker.com.br\/index.php?rest_route=\/wp\/v2\/users\/1"}],"replies":[{"embeddable":true,"href":"https:\/\/cross.animaker.com.br\/index.php?rest_route=%2Fwp%2Fv2%2Fcomments&post=8253"}],"version-history":[{"count":0,"href":"https:\/\/cross.animaker.com.br\/index.php?rest_route=\/wp\/v2\/pages\/8253\/revisions"}],"wp:attachment":[{"href":"https:\/\/cross.animaker.com.br\/index.php?rest_route=%2Fwp%2Fv2%2Fmedia&parent=8253"}],"curies":[{"name":"wp","href":"https:\/\/api.w.org\/{rel}","templated":true}]}}